{"id":79,"date":"2025-02-17T12:40:26","date_gmt":"2025-02-17T11:40:26","guid":{"rendered":"https:\/\/bluelab-plugins.com\/?page_id=79"},"modified":"2026-02-15T18:39:20","modified_gmt":"2026-02-15T17:39:20","slug":"news","status":"publish","type":"page","link":"https:\/\/bluelab-plugins.com\/","title":{"rendered":"News"},"content":{"rendered":"<div id=\"page-wrap\">\n<h2>New website from a friend!<\/h2>\n<p>My friend Thomas Boidron has just launched an amazing <strong>new website<\/strong> offering <strong>guitar courses<\/strong> for beginners and advanced beginners. Check it out if you&#8217;re interested in learning the guitar or improve your skills by learning more advanced guitar techniques!<\/p>\n<p><strong><a href=\"https:\/\/eguitare.fr\">https:\/\/eguitare.fr<\/a><\/strong><\/p>\n<p>Thomas has over 30 years of experience playing both classical and electric guitar, as well as many years of teaching.<\/p>\n<p>He also offers <strong>in-person guitar lessons<\/strong> at your home! (within 30 km of Balizac &#8211; 33730, France: Langon, Saucats, L\u00e9ognan, Villandraut, Hostens, Bazas, and around).<\/p>\n<p>&#8212;&#8211;<\/p>\n<p>Mon ami Thomas Boidron vient de lancer un <strong>site web<\/strong> tr\u00e8s int\u00e9ressant proposant des <strong>cours de guitare<\/strong> pour d\u00e9butants et d\u00e9butants avanc\u00e9s. N\u2019h\u00e9sitez pas \u00e0 le consulter si vous souhaitez apprendre la guitare ou approfondir votre technique !<\/p>\n<p><strong><a href=\"https:\/\/eguitare.fr\">https:\/\/eguitare.fr<\/a><\/strong><\/p>\n<p>Thomas poss\u00e8de plus de 30 ans d\u2019exp\u00e9rience en tant que guitariste classique et \u00e9lectrique, ainsi que de nombreuses ann\u00e9es d\u2019enseignement.<\/p>\n<p>Il propose \u00e9galement des <strong>cours de guitare \u00e0 domicile<\/strong> ! (dans un rayon de 30 km autour de Balizac &#8211; 33730, France : Langon, Saucats, L\u00e9ognan, Villandraut, Hostens, Bazas et les environs).<\/p>\n<p>&nbsp;<\/p>\n<h2><\/h2>\n<h2>New plugin and updates!<\/h2>\n<p><strong>BlueLab | Audio Plugins<\/strong> is proud to announce the release of a new plugin! The new <a href=\"https:\/\/bluelab-plugins.com\/index.php\/product\/stn\/\"><strong>BlueLab STN<\/strong><\/a> plugin separates <strong>Sines<\/strong>, <strong>Transients<\/strong> and <strong>Noise<\/strong> from a sound and remixes them. The <strong>STN<\/strong> plugin uses a state of the art method to separate the different parts in the spectral domain while limiting the result sound artifacts.<\/p>\n<p><a href=\"https:\/\/bluelab-plugins.com\/index.php\/product\/stn\/\"><img fetchpriority=\"high\" decoding=\"async\" class=\"aligncenter size-medium wp-image-381\" src=\"http:\/\/bluelab-plugins.com\/wp-content\/uploads\/2025\/07\/STN-product-224x300.jpg\" alt=\"\" width=\"224\" height=\"300\" srcset=\"https:\/\/bluelab-plugins.com\/wp-content\/uploads\/2025\/07\/STN-product-224x300.jpg 224w, https:\/\/bluelab-plugins.com\/wp-content\/uploads\/2025\/07\/STN-product-765x1024.jpg 765w, https:\/\/bluelab-plugins.com\/wp-content\/uploads\/2025\/07\/STN-product-768x1028.jpg 768w, https:\/\/bluelab-plugins.com\/wp-content\/uploads\/2025\/07\/STN-product-350x469.jpg 350w, https:\/\/bluelab-plugins.com\/wp-content\/uploads\/2025\/07\/STN-product.jpg 920w\" sizes=\"(max-width: 224px) 100vw, 224px\" \/><\/a>The <a href=\"https:\/\/bluelab-plugins.com\/index.php\/product\/denoiser\/\"><strong>Denoiser<\/strong><\/a> and the <a href=\"https:\/\/bluelab-plugins.com\/index.php\/product\/air\/\"><strong>Air<\/strong><\/a> plugins have also been updated with minor updates.<\/p>\n<p>&nbsp;<\/p>\n<h2><\/h2>\n<h2>BlueLab | Audio Plugins is Back!<\/h2>\n<p>After a few years of interruption, we are thrilled to announce the relaunch of <strong>BlueLab | Audio Plugins<\/strong>!<\/p>\n<h4>What Happened?<\/h4>\n<p>In the past, BlueLab provided a wide range of audio plugins for musicians, producers, and sound designers. However, due to the impossibility to follow all the updates of the DAWs and the systems, we had to halt operations. Now, we\u2019re back with a renewed focus, improved plugins, and a commitment to delivering high-quality tools for audio professionals.<\/p>\n<h4>What\u2019s New?<\/h4>\n<p>We are reworking some of our previous plugins to make them <strong>more optimized, stable, and compatible<\/strong> with the latest DAWs and operating systems. This means better performance, fewer compatibility issues, and a smoother experience for our users.<\/p>\n<h4>What About Previous Customers?<\/h4>\n<p>If you were a previous BlueLab customer, you can reach out to us at <a href=\"mailto:contact@bluelab-plugins.com\">contact@bluelab-plugins.com<\/a> for inquiries. We truly appreciate your past support, and we want to ensure a smooth transition for returning users.<\/p>\n<h4>What\u2019s Next?<\/h4>\n<ul>\n<li>A new website<\/li>\n<li>Updated plugins with improved performance<\/li>\n<li>New releases in the future!<\/li>\n<\/ul>\n<p>Stay tuned for more updates, and thank you for being part of this new chapter of <strong>BlueLab | Audio Plugins<\/strong>!<\/p>\n<\/div>\n","protected":false},"excerpt":{"rendered":"<p>New website from a friend! My friend Thomas Boidron has just launched an amazing new website offering guitar courses for beginners and advanced beginners. Check it out if you&#8217;re interested in learning the guitar or improve your skills by learning more advanced guitar techniques! https:\/\/eguitare.fr Thomas has over 30 years of experience playing both classical [&hellip;]<\/p>\n","protected":false},"author":1,"featured_media":0,"parent":0,"menu_order":0,"comment_status":"closed","ping_status":"closed","template":"","meta":{"footnotes":""},"class_list":["post-79","page","type-page","status-publish","hentry"],"_links":{"self":[{"href":"https:\/\/bluelab-plugins.com\/index.php\/wp-json\/wp\/v2\/pages\/79","targetHints":{"allow":["GET"]}}],"collection":[{"href":"https:\/\/bluelab-plugins.com\/index.php\/wp-json\/wp\/v2\/pages"}],"about":[{"href":"https:\/\/bluelab-plugins.com\/index.php\/wp-json\/wp\/v2\/types\/page"}],"author":[{"embeddable":true,"href":"https:\/\/bluelab-plugins.com\/index.php\/wp-json\/wp\/v2\/users\/1"}],"replies":[{"embeddable":true,"href":"https:\/\/bluelab-plugins.com\/index.php\/wp-json\/wp\/v2\/comments?post=79"}],"version-history":[{"count":16,"href":"https:\/\/bluelab-plugins.com\/index.php\/wp-json\/wp\/v2\/pages\/79\/revisions"}],"predecessor-version":[{"id":607,"href":"https:\/\/bluelab-plugins.com\/index.php\/wp-json\/wp\/v2\/pages\/79\/revisions\/607"}],"wp:attachment":[{"href":"https:\/\/bluelab-plugins.com\/index.php\/wp-json\/wp\/v2\/media?parent=79"}],"curies":[{"name":"wp","href":"https:\/\/api.w.org\/{rel}","templated":true}]}}